git of 131374?
1
What is the thousands digit of 1606?
1
What is the tens digit of 853?
5
What is the hundreds digit of 5213?
2
What is the units digit of 869?
9
What is the ten thousands digit of 33906?
3
What is the tens digit of 754?
5
What is the units digit of 58018?
8
What is the units digit of 402?
2
What is the thousands digit of 1209?
1
What is the tens digit of 1237?
3
What is the units digit of 2080?
0
What is the hundreds digit of 5094?
0
What is the thousands digit of 4754?
4
What is the units digit of 2279?
9
What is the thousands digit of 3997?
3
What is the hundreds digit of 867?
8
What is the hundreds digit of 194?
1
What is the tens digit of 883?
8
What is the thousands digit of 1820?
1
What is the units digit of 549?
9
What is the units digit of 968?
8
What is the units digit of 2699?
9
What is the hundreds digit of 34680?
6
What is the units digit of 15004?
4
What is the thousands digit of 25257?
5
What is the units digit of 50295?
5
What is the tens digit of 2278?
7
What is the hundreds digit of 51100?
1
What is the tens digit of 52119?
1
What is the units digit of 1366?
6
What is the thousands digit of 4145?
4
What is the tens digit of 1534?
3
What is the hundreds digit of 6394?
3
What is the hundreds digit of 748?
7
What is the thousands digit of 8815?
8
What is the tens digit of 1532?
3
What is the thousands digit of 20553?
0
What is the thousands digit of 40746?
0
What is the hundreds digit of 7586?
5
What is the ten thousands digit of 106280?
0
What is the hundreds digit of 1446?
4
What is the tens digit of 1480?
8
What is the thousands digit of 8468?
8
What is the units digit of 389?
9
What is the thousands digit of 12119?
2
What is the hundreds digit of 49159?
1
What is the units digit of 712?
2
What is the hundreds digit of 27376?
3
What is the units digit of 21119?
9
What is the units digit of 40192?
2
What is the tens digit of 6969?
6
What is the units digit of 3781?
1
What is the hundreds digit of 69147?
1
What is the hundreds digit of 252?
2
What is the hundreds digit of 688?
6
What is the ten thousands digit of 71998?
7
What is the units digit of 313?
3
What is the units digit of 264?
4
What is the tens digit of 4639?
3
What is the ten thousands digit of 11337?
1
What is the units digit of 13006?
6
What is the tens digit of 254?
5
What is the thousands digit of 1560?
1
What is the thousands digit of 4638?
4
What is the ten thousands digit of 72330?
7
What is the hundreds digit of 409?
4
What is the units digit of 2361?
1
What is the thousands digit of 2493?
2
What is the units digit of 560?
0
What is the tens digit of 60663?
6
What is the tens digit of 79277?
7
What is the hundreds digit of 976?
9
What is the ten thousands digit of 10777?
1
What is the ten thousands digit of 63753?
6
What is the ten thousands digit of 103077?
0
What is the thousands digit of 1309?
1
What is the tens digit of 999?
9
What is the hundreds digit of 9915?
9
What is the tens digit of 2207?
0
What is the units digit of 714?
4
What is the units digit of 535?
5
What is the tens digit of 55027?
2
What is the thousands digit of 8940?
8
What is the hundreds digit of 9268?
2
What is the thousands digit of 137297?
7
What is the tens digit of 148?
4
What is the thousands digit of 25208?
5
What is the hundreds digit of 18690?
6
What is the hundreds digit of 1379?
3
What is the units digit of 13203?
3
What is the hundreds digit of 10059?
0
What is the hundreds digit of 76655?
6
What is the hundreds digit of 2229?
2
What is the thousands digit of 7626?
7
What is the tens digit of 8192?
9
What is the tens digit of 10754?
5
What is the units digit of 740?
0
What is the hundreds digit of 280?
2
What is the units digit of 7486?
6
What is the hundreds digit of 102?
1
What is the hundreds digit of 980?
9
What is the units digit of 1219?
9
What is the units digit of 1930?
0
What is the thousands digit of 78239?
8
What is the tens digit of 886?
8
What is the thousands digit of 20210?
0
What is the thousands digit of 1901?
1
What is the tens digit of 10842?
4
What is the tens digit of 9637?
3
What is the tens digit of 5642?
4
What is the tens digit of 909?
0
What is the units digit of 14274?
4
What is the units digit of 1021?
1
What is the hundreds digit of 32655?
6
What is the hundreds digit of 3331?
3
What is the hundreds digit of 1142?
1
What is the hundreds digit of 441?
4
What is the hundreds digit of 455?
4
What is the hundreds digit of 1065?
0
What is the thousands digit of 5796?
5
What is the tens digit of 3855?
5
What is the ten thousands digit of 35292?
3
What is the hundreds digit of 1632?
6
What is the tens digit of 107482?
8
What is the thousands digit of 23511?
3
What is the tens digit of 2753?
5
What is the hundreds digit of 9206?
2
What is the hundreds digit of 73928?
9
What is the ten thousands digit of 33238?
3
What is the thousands digit of 6254?
6
What is the tens digit of 19?
1
What is the units digit of 515?
5
What is the tens digit of 53424?
2
What is the units digit of 63539?
9
What is the tens digit of 921?
2
What is the tens digit of 21429?
2
What is the tens digit of 520?
2
What is the ten thousands digit of 23512?
2
What is the units digit of 807?
7
What is the tens digit of 5813?
1
What is the hundreds digit of 5863?
8
What is the tens digit of 10282?
8
What is the thousands digit of 49649?
9
What is the units digit of 599?
9
What is the units digit of 153?
3
What is the tens digit of 5943?
4
What is the ten thousands digit of 14403?
1
What is the units digit of 997?
7
What is the tens digit of 29264?
6
What is the tens digit of 2934?
3
What is the tens digit of 1090?
9
What is the units digit of 43276?
6
What is the hundreds digit of 28330?
3
What is the ten thousands digit of 17170?
1
What is the tens digit of 277?
7
What is the thousands digit of 24998?
4
What is the hundreds digit of 881?
8
What is the units digit of 37474?
4
What is the ten thousands digit of 41876?
4
What is the units digit of 4050?
0
What is the units digit of 16667?
7
What is the thousands digit of 10690?
0
What is the hundreds digit of 740?
7
What is the ten thousands digit of 41576?
4
What is the hundreds digit of 412?
4
What is the tens digit of 310?
1
What is the hundreds digit of 21938?
9
What is the tens digit of 39111?
1
What is the thousands digit of 1130?
1
What is the tens digit of 3633?
3
What is the tens digit of 51565?
6
What is the hundreds digit of 605?
6
What is the hundreds digit of 1226?
2
What is the units digit of 818?
8
What is the hundreds digit of 2350?
3
What is the tens digit of 1682?
8
What is the tens digit of 10619?
1
What is the tens digit of 4872?
7
What is the thousands digit of 6768?
6
What is the hundreds digit of 1363?
3
What is the hundreds digit of 39379?
3
What is the thousands digit of 23695?
3
What is the units digit of 2290?
0
What is the tens digit of 13470?
7
What is the thousands digit of 18613?
8
What is the hundreds digit of 1243?
2
What is the tens digit of 4513?
1
What is the tens digit of 54925?
2
What is the units digit of 30838?
8
What is the thousands digit of 14835?
4
What is the ten thousands digit of 34242?
3
What is the thousands digit of 1071?
1
What is the tens digit of 13678?
7
What is the units digit of 280?
0
What is the hundreds digit of 1149?
1
What is the units digit of 638?
8
What is the tens digit of 24014?
1
What is the tens digit of 54639?
3
What is the units digit of 3552?
2
What is the hundreds digit of 15606?
6
What is the tens digit of 6986?
8
What is the units digit of 6198?
8
What is the units digit of 364?
4
What is the tens digit of 727?
2
What is the tens digit of 21146?
4
What is the tens digit of 16012?
1
What is the thousands digit of 1219?
1
What is the hundreds digit of 980?
9
What is the units digit of 60181?
1
What is the tens digit of 1789?
8
What is the hundreds digit of 820?
8
What is the thousands digit of 13386?
3
What is the hundreds digit of 573?
5
What is the thousands digit of 73352?
3
What is the tens digit of 26070?
7
What is the hundreds digit of 1513?
5
What is the tens digit of 2103?
0
What is the units digit of 903?
3
What is the tens digit of 1912?
1
What is the thousands digit of 18566?
8
What is the tens digit of 167787?
8
What is the units digit 